+ 8*t + 12. Is n(x) a prime number?
False
Let u(t) be the third derivative of -t**6/120 - t**5/5 - 7*t**4/8 + 4*t**3/3 - 12*t**2. Is u(-11) a composite number?
True
Is (-2)/((-54)/9)*9753 a prime number?
True
Let m(x) = 26*x**3 - x**2 - 4*x + 2. Let p be m(4). Suppose -4*o + d - 3*d = -p, 2*d = -3*o + 1225. Is o composite?
False
Let o = -5 - -9. Suppose -o*x = 0, 7 = -5*q - 5*x + 27. Suppose 2 = -5*u - q*l + 33, -5*u - 1 = -4*l. Is u a composite number?
False
Suppose c + w = 2*w + 19, c + 3*w = 11. Let p = c - 26. Is (-6)/p + 265/3 a composite number?
False
Suppose -10*t = -35*t + 716325. Is t a prime number?
False
Is (((-15)/2)/5)/(-3)*5118 composite?
True
Suppose -2*q - 4*c + 12 = 0, 2*c = 4*q - c - 13. Let r(i) = i**3 - 4*i**2 + i - 2. Let y be r(q). Is 4*(66/8 - y) composite?
True
Let c = -97 - -309. Suppose 2*w - c = -0*h - 2*h, -15 = 3*w. Is h a composite number?
True
Let r(u) = 49*u + 4. Let q be r(9). Suppose -2*z - q + 121 = 0. Let w = z + 247. Is w a composite number?
True
Let v(n) = -n**2 + 2*n + 9. Let m be v(5). Let f be ((-150)/(-20))/(m/16). Let p = f - -199. Is p a composite number?
False
Suppose -3*l = 14 - 59. Let y = 17 - l. Is -166*(y + 5/(-2)) composite?
False
Let h be 2 - (-28)/(-13) - (-110852)/91. Let m = 2305 - h. Is m a prime number?
True
Let x(j) = 1149*j**2 + 18*j - 116. Is x(5) prime?
False
Is -34311*((-2)/(-6))/(-1) a prime number?
True
Suppose 15 = -2*u + 7*u. Suppose -z + 4*q + 25 = 0, 4*z = u*z - 5*q - 20. Is -191*(2 - (z - 2)) a composite number?
False
Suppose 0 = 3*r + 2 + 25. Let p = 13 + r. Let s(i) = 16*i + 13. Is s(p) a prime number?
False
Let h be 5/2 + (-3 - -2)/2. Is 42/(-35)*5/h - -1964 a prime number?
False
Suppose 6661 = 2*q + 159. Is q a prime number?
True
Is (-16 + 12)*2*(-27653)/8 composite?
False
Let h(n) = -n**3 + 2*n**2 + 3*n + 247. Let j(y) = -y**3 - 11*y**2 + 10*y - 24. Let s be j(-12). Is h(s) a composite number?
True
Let v = 9515 - -2468. Is v a prime number?
False
Suppose 0 = -5*o + g + 3004 + 926, -5*g = -o + 810. Is o composite?
True
Let w(m) = -m**3 + 2*m**2 + 4*m - 1. Let f be w(3). Suppose -36 - 9 = -3*q - 3*l, f*l - 8 = 0. Let n = q - -44. Is n prime?
False
Let x = -90 - -86. Is 2/x*1*-622 a composite number?
False
Suppose 46*r - 43*r = 66. Let q = 1025 - r. Is q a prime number?
False
Let p(f) = f**3 + f + 116. Let c be p(0). Is c/1 + -1 + 0 composite?
True
Suppose -3*y - 41 = -4*f, 3*f + 2*y - 32 = 4*y. Suppose -f*r + 9*r = -1505. Is r prime?
False
Let c(i) = 11*i - 4 + 3 + i**2 - 1. Let x be c(-8). Let g = 52 + x. Is g composite?
True
Let l = 283 - 104. Is l a composite number?
False
Suppose 0*x = 5*z + 4*x - 2522, 0 = -z + 2*x + 496. Let c(d) = d**3 + 2*d**2 + 10*d + 24. Let m be c(-7). Let f = m + z. Is f composite?
False
Suppose -2*c + 13575 = 3*c. Suppose 4*x = -x + c. Suppose 5*k + 148 - x = 0. Is k a prime number?
True
Suppose -4*i - 2*x + 36892 = 0, 8*i - 2*x = 10*i - 18446. Is i a composite number?
True
Suppose -10 = m - 3*m. Suppose 0 = -t + m*t - 8. Is 135/t + 3/(-6) a composite number?
False
Let b be 4926/1*(4/2 - 1). Suppose -b = -4*r - 2*r. Is r prime?
True
Let b = -26 + 3. Let n = b + 37. Suppose -4*s = -3*s + 4, -n = -2*z - 3*s. Is z a prime number?
True
Suppose 3*t - 18 + 6 = 0. Suppose 0 = t*y - 1121 - 651. Is y a prime number?
True
Let n(j) = -3*j**3 + 57*j**2 + 8*j - 25. Is n(19) composite?
False
Is (-4 + 6)/(1194/1193 - 1) prime?
False
Let m(p) = -p**3 + 9*p**2 - 9*p + 11. Let y be 0 + 11 + 18/(-6). Let h be m(y). Suppose -w + 16 = h*w, -4*w = -2*n + 82. Is n prime?
False
Let q be 1 + (-30)/7 + (-10)/(-35). Is (1 - 296/q)*3 a prime number?
False
Suppose 2*r - 34 = 4*o, -3*o = r - 4*r + 48. Let a be (-5)/(-2)*72/r. Is 420 + a/3 + 3 a prime number?
False
Let j = -25940 - -41043. Is j prime?
False
Let y(l) = -8*l**3 - 6*l**2 - 26*l + 17. Is y(-12) a prime number?
False
Let p(j) = j**3 - 21*j**2 - 34*j - 14. Let g be p(25). Suppose -791 = -i + g. Is i composite?
True
Suppose -4*l + 25 = -9*l. Is l/(-2)*208/20 a composite number?
True
Let u(l) = 3*l + 26*l - 61 + 13. Is u(9) prime?
False
Let f(o) = o**2 + 2*o + 6. Let x(c) = -3*c**2 - c**2 + 3*c**2 - 4*c - 13. Let i(u) = 5*f(u) + 3*x(u). Is i(-7) composite?
False
Let l = 18598 - -2806. Suppose 0 = -3*p - 4*g + 21419, 0*p - 3*p - g + l = 0. Is p a prime number?
False
Suppose -12 = 2*x - 6. Let q(p) = p**2 + p - 2. Let n be q(x). Suppose -n*v = 5*h - 581, h = -3*v + 6*h + 392. Is v a prime number?
True
Let r(m) = m**2 + 7*m + 6. Let s be r(-6). Let u be 2 + s/(-1 + 2). Suppose c - u*c + 87 = 0. Is c prime?
False
Suppose 29*m = -2055 + 24356. Is m prime?
True
Is ((-160)/128)/((-1)/8276) a composite number?
True
Suppose -5*f - 60 = -17*f. Suppose 3*p - f*p = -30. Is p prime?
False
Let l = -26 + 23. Is (-2 - l) + -3 + (-4410)/(-2) a composite number?
False
Let u(l) = 365*l - 5. Let g be u(4). Suppose -5*b = 10*b - g. Is b a prime number?
True
Suppose 13*p - 38774 - 69269 = 0. Is p composite?
False
Let j be ((-35)/14)/5*(-1 - -75). Let q be (0 + -1)/(3/18). Let v = q - j. Is v a prime number?
True
Suppose 2*y - 2*g - 3454 = 0, -3*g = -y + 4*y - 5181. Is y a composite number?
True
Let s(y) = y**3 + 11*y**2 - 15*y - 31. Let l be s(-12). Is (-6770)/(-4) + l/10 composite?
False
Suppose 4*i = -4*w - 1 - 3, 2*w - 2*i - 14 = 0. Let z be (-319 + w)/(1/(-2)). Suppose -4*o - 6*s + 3*s + 2555 = 0, 3*s = -o + z. Is o composite?
False
Let q(l) = 2*l**3 - 4*l**2 - 3*l + 7009. Is q(0) a composite number?
True
Let l(g) = 2*g + 22. Let q be l(-9). Suppose 1472 = q*f - 444. Is f a composite number?
False
Suppose 3*k = -4*c + 33067, k - 34822 = -5*c + 6498. Is c a prime number?
True
Let p(f) = 328*f**3 + 8*f**2 + 2*f - 11. Is p(3) composite?
False
Let n(o) = -78*o - 13. Let k be n(-10). Let l = -544 + k. Is l a prime number?
True
Suppose -20*c = -54710 + 4650. Is c composite?
False
Let p(s) = 1272*s**2 - 20*s - 21. Is p(-1) a composite number?
True
Let x = 246 + -480. Let d = -701 + x. Let r = 1488 + d. Is r composite?
True
Suppose -p - g = -2*p + 1863, -p + 2*g + 1864 = 0. Suppose -2*b + 546 - p = -4*f, -323 = -f + 2*b. Is f composite?
False
Suppose -3*j + 3 = 0, 261 + 83 = 5*x - j. Let r = 482 - 258. Let t = r - x. Is t a composite number?
True
Let g(q) = -q**3 + 11*q**2 + 11*q + 16. Let z be g(12). Suppose -2*w + z*f + 118 = 0, 0*f + 2*f + 108 = 2*w. Is w prime?
False
Suppose -2*d = -5*g - 35, -5*d = -2*d + 3*g - 21. Suppose -494 = 8*o - d*o. Is o a composite number?
True
Let g(c) = -3*c. Let u be g(-10). Let r be (-18)/u*(-5 - 0). Suppose 0 = r*o + 74 - 179. Is o prime?
False
Let r be 3 - 36/(-44) - (-2)/11. Suppose -6*j = -3*a - 2*j + 4609, r*a - 6182 = -2*j. Is a composite?
False
Suppose -18*r + 87338 - 9560 = 0. Is r a prime number?
False
Suppose -2*u - 3*u = 4*n - 31141, -2*n - 2 = 0. Is u a composite number?
False
Let p = 1652 - 426. Is p prime?
False
Suppose -8*w - 6*w - 7322 = 0. Let d = w - -2856. Is d a prime number?
True
Suppose -5*k + 7*y = 3*y + 39, 0 = -2*k - 3*y - 11. Let j(s) = -203*s + 44. Is j(k) a prime number?
False
Let i = -8 + -13. Let h = i - -35. Is h a prime number?
False
Suppose -5*b + 4530 - 1265 = 0. Is b a prime number?
True
Let v(k) = k + 1. Let r(c) = 33*c + 7. Let w(j) = r(j) - 4*v(j). Suppose -3*y + 32 = 2. Is w(y) a composite number?
False
Suppose -4*x + i = -10099, -2*x + 7*x = 4*i + 12632. Suppose 5*m + x = 9*m. Is m a prime number?
True
Let b = 27 + -11. Let d = 50 - b. Is d a prime number?
False
Let z(k) = -15*k**3 + 4*k**2 - 2*k - 2. Let f be z(2). Let b = f - 50. Let t = b + 283. Is t prime?
False
Suppose 5*l = 264 - 49. Suppose 0*i = 2*i - 5*s - 71, -3*i + 93 = -3*s. Let k = l - i. Is k a composite number?
True
Let m(d) be the first derivative of -d**4 - 7*d**3/3 + 5*d**2/2 - d + 9. Is m(-6) prime?
False
Let t(g) = -168*g**3 + 9*g**2 + 14*g + 7. Suppose -2*k = 6*x - 4*x + 10, -2*k = -2*x + 6. Is t(k) prime?
True
Let k = 45 + -38. Suppose -4*q = 11 - k, 5*l - 4*q - 2069 = 0. Is l prime?
False
Suppose 110 = 8*w - 6*w. Let q = w + -95. Let x = 99 + q. Is x composite?
False
Let t(q) = -1645*q - 553. Is t(-12) prime?
False
Let b be (8 + 2)*(-60)/(-8). Suppose -7*a = -30 - b. Is a composite?
True
Suppose 0 = -18*j + 15*j - 4*h + 53369, 0 = 2*j - 3*h - 35551. Is j a prime number?
True
Is 5864/(-16)*